u*c + 84 = 0. List the prime factors of c.
2, 3, 7
Let x(p) = -9*p - 97. Let u be x(-11). Suppose -13*g + u*o = -14*g + 288, -270 = -g + 4*o. What are the prime factors of g?
2, 3, 47
Let t be 5 - 1 - (11 - 1180/(-5)). Let w = -195 - t. What are the prime factors of w?
2, 3
Let t(v) = 1 + 0*v**2 - 1 + 2*v**2. Let p be t(1). Suppose -3*o - p*c = -267, -3*c = 5*o - 4*o - 82. List the prime factors of o.
7, 13
Suppose 27*x = 23*x - 1900. List the prime factors of -2 + (2 - -3 - x).
2, 239
Let n(t) be the first derivative of -t**3/3 + 31*t**2/2 - 53*t - 1225. Suppose -5*m + 70 = 3*j + 1, 0 = -2*m. What are the prime factors of n(j)?
131
Let g(q) = -q**3 + 12*q**2 + 7*q - 16. Let b be 198/45*20/8. List the prime factors of g(b).
2, 7, 13
Let o(n) = n**3 + 17*n**2 - 60*n - 33. Let g be o(-20). Let k = 344 + g. What are the prime factors of k?
311
Let m(s) = 13573*s - 1223. What are the prime factors of m(3)?
2, 4937
Suppose -v + 52 - 56 = 0. Let c be (-1 - 0)*(3 + (v - -2)). What are the prime factors of c/(-7) + (-2)/14 - -78?
2, 3, 13
Let o(h) = 7*h - 31. Let z = 17 + 20. List the prime factors of o(z).
2, 3, 19
List the prime factors of 10834/4 - 114/(-228).
3, 7, 43
Let m(r) = r**2 - 16*r + 39. Let b be m(14). Suppose -5*k + 4*t + 2692 = 0, 12*k + 5*t = b*k + 550. What are the prime factors of k?
2, 3, 5
Let d = 2315 - -1673. What are the prime factors of d?
2, 997
Let c(j) = 1602*j**3 - 15*j + 8. What are the prime factors of c(2)?
2, 6397
Suppose -16 = -2*u + 5*q, -3*u + 22 = -2*q + 20. List the prime factors of (u/(-3))/(22/16566).
2, 251
Suppose -8*o + 1532 = 1388. Suppose p + 195 = 6*p. Let l = p + o. What are the prime factors of l?
3, 19
Let b = 3496 - -30237. List the prime factors of b.
7, 61, 79
Let b = -19420 - -42055. List the prime factors of b.
3, 5, 503
Let f = 6 - 24. Let y(b) = -23. Let q(x) = 2*x - 56. Let z(r) = -3*q(r) + 7*y(r). List the prime factors of z(f).
5, 23
Let o = 24 + -17. Let u(t) = t**2 + 5*t - 1. Let y(z) = z**3 - 11*z**2 - 37*z + 16. Let j(w) = -5*u(w) - y(w). What are the prime factors of j(o)?
2, 3
Let a be (-2 - (-58)/6) + (-9)/(-27). Let u be ((-238)/28)/(1/a). List the prime factors of (-8483)/u + 2/8.
5
Let q(n) = n**2 - 21*n - 231. What are the prime factors of q(84)?
3, 7, 241
Suppose -t + y + 35799 = 0, 5*t - 3928 - 175061 = 2*y. What are the prime factors of t?
35797
Let n(q) = 230*q**3 + 4*q**2 - 10*q + 35. What are the prime factors of n(4)?
14779
Suppose 10*k - 22739 = -3*w + 14*k, 22759 = 3*w + k. List the prime factors of w.
5, 37, 41
Let z = 138 + -156. List the prime factors of (-4 + 1)*1*942/z.
157
List the prime factors of -3*(-7)/(189/2) - (-1177180)/90.
2, 3, 5, 109
Let j = 1127 - 512. What are the prime factors of j?
3, 5, 41
Let w = -3354 - -49916. What are the prime factors of w?
2, 31, 751
Suppose -2*x = 6*x - 3808. Let p = -260 + x. What are the prime factors of p - (-2)/((18/(-3))/3)?
5, 43
Let y = 158 - 299. Let z = 66 - y. What are the prime factors of z?
3, 23
Let a = 38 + -33. Suppose 3*l + 1506 = 5*y + a*l, 3*y = -5*l + 896. What are the prime factors of y?
2, 151
Suppose 1656 = 278*i - 255*i. Let y(b) = b**3 - b**2 + 7*b - 6. Let r be y(5). Suppose -i*p = -75*p + r. What are the prime factors of p?
43
Suppose 22 = 4*o + 6, 420 = 2*z + o. Let c = -172 + z. What are the prime factors of c?
2, 3
Suppose 31*p - 89738 = -4116. List the prime factors of p.
2, 1381
Let m(l) be the first derivative of l**4/4 + 2*l**3/3 + 3*l**2 - 5*l + 9. Let k be m(3). Suppose -2*z + k = -20. List the prime factors of z.
3, 13
Suppose -3*a + 2*v + 1373 = 0, 983 + 1284 = 5*a + 2*v. Let z = a - -493. List the prime factors of z.
2, 3, 79
Let x(r) = -3*r**2 - 12*r + 25. Let n(k) = -4*k**2 - 11*k + 25. Let z(d) = 5*n(d) - 6*x(d). Let i be z(6). Suppose i*b - 356 = 3*b. List the prime factors of b.
2, 89
List the prime factors of -9 - ((-6)/16 + (-6922380)/480).
7, 29, 71
Let k(b) = 14*b + 20. Let y(o) = o. Let n be (0 + 1)*3/(-3). Let r(u) = n*k(u) + 2*y(u). List the prime factors of r(-5).
2, 5
Suppose -2480*m + 2473*m = -13622. What are the prime factors of m?
2, 7, 139
Suppose 0 = -86*c - 137097 + 972243. What are the prime factors of c?
3, 13, 83
Let y(b) = -b**2 - 202*b + 692. What are the prime factors of y(-98)?
2, 3, 907
Let c(w) = -w. Let v(b) = 8*b - 16. Let u(g) = -6*c(g) + v(g). Let a be u(4). Let s = a + -30. List the prime factors of s.
2, 5
Let y(w) = w + 15. Let d(n) = -n**2 + 3. Let j be d(4). Let m be y(j). Suppose -3*k - m*k - 2*x = -200, 5*k - 175 = 3*x. What are the prime factors of k?
2, 19
Suppose -11*t = -10*t - 70. What are the prime factors of 10801/t - 6/20?
2, 7, 11
Let o(w) = 4*w - 23. Let j(d) = 4*d - 23. Let r(i) = -4*j(i) + 3*o(i). Let k be r(4). What are the prime factors of (-5335)/(-35) - (-2 + 17/k)?
2, 19
Suppose 0 = -3*y - 2*c + 66, -c + 3*c + 6 = 0. Let d = y - -94. Let o = d + -69. List the prime factors of o.
7
Let l(r) = -150*r + 37. Let h(i) = 149*i - 37. Let n(b) = -3*h(b) - 4*l(b). What are the prime factors of n(3)?
2, 211
Let j = 41 - 39. Suppose -3*m + 62 = n, 2*n + n + j*m - 151 = 0. Suppose 4*o - 515 + n = 0. List the prime factors of o.
3, 13
Let d(p) = -2732*p - 5207. What are the prime factors of d(-8)?
16649
Let i = 808 + -796. Suppose -2*r + 0*r = -128. Suppose -u - i = -r. List the prime factors of u.
2, 13
Let q be (3/2)/(((-27)/24)/(-3)). Suppose 4*s = -3*j - 15 + 1, -q*j + 13 = -s. Suppose -j*t = -5*y + 257, 2*y = -t + 78 + 32. List the prime factors of y.
53
Let r(c) = -44*c**3 - 10*c**2 - 4*c + 71. List the prime factors of r(-4).
13, 211
Suppose 12*t = 17*t - 255. Let h = t + -40. Suppose 4*k = -h*k + 1725. List the prime factors of k.
5, 23
Suppose -17*k + 380 = -15*k. Suppose 192*l = k*l + 1400. What are the prime factors of l?
2, 5, 7
What are the prime factors of (-708)/(-51) + -5 + -9 - 369327/(-17)?
5, 11, 79
Let y be 234/624 - (-1413)/8. Let a(o) = 392*o**2 - 2*o - 1. Let j be a(-1). Let s = j - y. What are the prime factors of s?
2, 3
Let q = 8617 + -4018. What are the prime factors of q?
3, 7, 73
Let v(k) = 19*k + 230. Let g be v(-12). List the prime factors of -6 + (75 - g) - -2.
3, 23
Suppose -2*t - 3*t + 15 = 0. Suppose k = 4*v + t*k + 582, 2*k = -v - 138. Let z = -64 - v. List the prime factors of z.
2, 3, 7
Suppose 2*v - 51836 = -b - 5809, -4*b = -6*v - 184066. List the prime factors of b.
46021
Let h(v) = 50 - 3*v + 171 - 55. List the prime factors of h(0).
2, 83
Let g be (7697/(-2))/(54/(-756)). What are the prime factors of g/129*(-9)/(3*-1)?
7, 179
Let m(h) = 15*h**3 + 2*h**2 + 2. Let b be m(4). Let a = b + -629. What are the prime factors of a?
5, 73
Suppose -24*i = -21*i + 354. Let d be 4/(-22) - 14*i/11. Suppose 3*k + 3*u - 90 = -u, 0 = 5*k + u - d. List the prime factors of k.
2, 3, 5
Suppose 2*i - 3*i = -6093 + 801. What are the prime factors of i?
2, 3, 7
Let i be ((-602)/70)/(2/(-10)). Let x = i - 38. Suppose x*d - 420 = -0. What are the prime factors of d?
2, 3, 7
Let i(j) = 23*j**2 - j - 10. Suppose -9*g = 2*d - 12*g - 4, -4*d + 26 = 3*g. What are the prime factors of i(d)?
2, 5, 7
Suppose -p + 32446 = -3*l, -5*l + 153004 + 9266 = 5*p. What are the prime factors of p?
2, 7, 19, 61
Let y be 36/(-1*6 - (-240)/32). Let t(s) = -2*s**2 + 63*s - 96. What are the prime factors of t(y)?
2, 3, 11
Suppose 29*n = 28*n - 5*b + 18667, 0 = n - b - 18637. List the prime factors of n.
2, 3, 13, 239
Suppose -2*n = 2*m - 33526, 20 - 47 = 9*n. List the prime factors of m.
2, 83, 101
Let f(v) = v - 32. Let a be f(29). Let p be (-7 - -4)*(1 + a - 1). Suppose -p*n + 1505 = 128. List the prime factors of n.
3, 17
Suppose 0 = -5*o + 2*d + 10, 0*o = -4*o - d + 8. Suppose x - 638 = l, -o = -3*l + 2*l. What are the prime factors of x?
2, 5
Suppose q = -14*q + 3060. Suppose 3*z - q = -5*c + 1158, z = 3*c - 806. List the prime factors of c.
2, 3, 5
Let v(o) = 5*o - 19. Let w be v(5). Let u(i) = -69*i - 9. Let b be u(4). List the prime factors of b/(-7) + w/63*3.
41
Let w = -660 - -404. Let x = w - -542. What are the prime factors of x?
2, 11, 13
Let j be (-3)/(2*(-5)/120). Let a be (-8)/j - (-60)/27. Suppose 3*b + 94 = a*n - b, -4*n + b + 209 = 0. What are the prime factors of n?
53
Suppose 2*h - 2 = 5*y, 0 = 3*h + 2*y - 3 - 19. Let g be 1/(9